6.
22
Calculate the greatest common divisor of 112 and 11312.
112
What is the greatest common factor of 56 and 24?
8
What is the highest common factor of 46 and 115?
23
Calculate the highest common divisor of 5603 and 13.
13
What is the greatest common factor of 21 and 602?
7
Calculate the greatest common divisor of 34 and 1836.
34
What is the greatest common divisor of 34 and 391?
17
What is the highest common factor of 5819 and 2783?
253
Calculate the greatest common factor of 3443 and 22.
11
What is the greatest common divisor of 385 and 231?
77
What is the greatest common divisor of 330 and 605?
55
Calculate the highest common factor of 28 and 896.
28
What is the highest common divisor of 66 and 2486?
22
What is the highest common divisor of 14 and 742?
14
Calculate the highest common factor of 196 and 294.
98
What is the greatest common factor of 945 and 90?
45
Calculate the greatest common factor of 32 and 1024.
32
Calculate the greatest common factor of 232 and 752.
8
Calculate the highest common factor of 15 and 105.
15
Calculate the greatest common divisor of 57 and 1824.
57
What is the highest common divisor of 528 and 240?
48
What is the highest common factor of 2 and 14?
2
Calculate the greatest common factor of 32 and 6.
2
Calculate the greatest common factor of 48 and 204.
12
Calculate the highest common factor of 171 and 19.
19
What is the highest common factor of 3883 and 22?
11
What is the greatest common divisor of 8844 and 528?
132
What is the highest common divisor of 510 and 30?
30
What is the greatest common factor of 1243 and 44?
11
Calculate the highest common divisor of 15 and 147.
3
Calculate the highest common divisor of 4116 and 36.
12
What is the greatest common factor of 2784 and 24?
24
Calculate the highest common divisor of 42 and 567.
21
What is the greatest common factor of 817 and 323?
19
What is the greatest common divisor of 135 and 15?
15
Calculate the highest common divisor of 15790 and 10.
10
What is the greatest common factor of 738 and 36?
18
What is the greatest common factor of 42 and 861?
21
Calculate the greatest common factor of 48 and 9904.
16
Calculate the highest common divisor of 525 and 609.
21
Calculate the highest common factor of 69 and 759.
69
Calculate the greatest common divisor of 2014 and 1484.
106
What is the greatest common factor of 507 and 1183?
169
Calculate the greatest common divisor of 275 and 25.
25
What is the highest common factor of 432 and 81?
27
What is the greatest common divisor of 130 and 110?
10
Calculate the highest common factor of 620 and 4805.
155
What is the highest common factor of 39 and 21?
3
Calculate the greatest common divisor of 625 and 750.
125
What is the highest common divisor of 501 and 6?
3
What is the highest common divisor of 38 and 78451?
19
What is the greatest common divisor of 1510 and 151?
151
Calculate the highest common factor of 10 and 80.
10
Calculate the highest common factor of 102 and 782.
34
What is the highest common divisor of 15 and 2?
1
What is the greatest common divisor of 20 and 310?
10
What is the greatest common factor of 2751 and 655?
131
What is the highest common factor of 9 and 269?
1
What is the greatest common divisor of 72 and 72?
72
Calculate the greatest common divisor of 3375 and 1250.
125
What is the highest common factor of 247 and 117?
13
Calculate the highest common divisor of 1328 and 92.
4
Calculate the highest common divisor of 15 and 465.
15
Calculate the highest common factor of 27 and 69.
3
Calculate the greatest common factor of 26 and 1313.
13
Calculate the highest common divisor of 2513 and 7.
7
Calculate the greatest common divisor of 14 and 15834.
14
What is the highest common divisor of 120 and 1080?
120
Calculate the greatest common factor of 65 and 325.
65
What is the highest common divisor of 1788 and 90?
6
What is the highest common factor of 2 and 70?
2
Calculate the greatest common divisor of 50 and 775.
25
What is the highest common divisor of 54 and 702?
54
What is the greatest common factor of 3088 and 80?
16
Calculate the highest common divisor of 1247 and 86.
43
Calculate the highest common factor of 96 and 432.
48
What is the highest common factor of 1869 and 21?
21
What is the greatest common divisor of 23 and 1035?
23
Calculate the greatest common factor of 10 and 3970.
10
What is the highest common factor of 8 and 6?
2
What is the highest common divisor of 9 and 3?
3
What is the highest common factor of 207 and 598?
23
Calculate the highest common divisor of 215 and 5.
5
What is the highest common factor of 165 and 264?
33
Calculate the highest common divisor of 15 and 705.
15
What is the highest common divisor of 5 and 85?
5
What is the greatest common divisor of 2 and 82?
2
What is the greatest common factor of 12 and 19986?
6
Calculate the highest common factor of 408 and 578.
34
Calculate the highest common divisor of 164 and 16728.
164
What is the greatest common factor of 26 and 4394?
26
What is the highest common factor of 3501 and 11281?
389
Calculate the highest common divisor of 90 and 1935.
45
What is the greatest common divisor of 31 and 4061?
31
What is the greatest common factor of 125 and 175?
25
Calculate the highest common factor of 330 and 360.
30
What is the greatest common divisor of 497 and 71?
71
Calculate the greatest common divisor of 1886 and 738.
82
What is the greatest common factor of 462 and 1344?
42
What is the highest common factor of 498 and 30?
6
Calculate the greatest common divisor of 671 and 77.
11
Calculate the greatest common divisor of 77 and 7.
7
Calculate the greatest common factor of 3266 and 92.
46
What is the greatest common factor of 70 and 75?
5
What is the highest common divisor of 210 and 735?
105
Calculate the greatest common factor of 9 and 30.
3
Calculate the greatest common divisor of 42 and 231.
21
Calculate the greatest common factor of 9136 and 48.
16
What is the highest common factor of 11926 and 134?
134
What is the highest common divisor of 16 and 198?
2
Calculate the greatest common divisor of 24 and 32.
8
Calculate the greatest common divisor of 83 and 8881.
83
Calculate the greatest common divisor of 370 and 74.
74
What is the highest common factor of 20 and 1580?
20
What is the greatest common divisor of 738 and 1558?
82
Calculate the greatest common factor of 429 and 165.
33
What is the highest common factor of 93 and 21?
3
What is the greatest common divisor of 20 and 7460?
20
What is the greatest common factor of 2944 and 23?
23
What is the greatest common divisor of 21 and 861?
21
Calculate the highest common factor of 205 and 41.
41
Calculate the highest common divisor of 7169 and 134.
67
What is the highest common factor of 64 and 192?
64
Calculate the highest common divisor of 144 and 54.
18
What is the greatest common divisor of 725 and 25?
25
What is the greatest common factor of 62 and 3038?
62
Calculate the highest common divisor of 20 and 2420.
20
What is the greatest common divisor of 824 and 16?
8
What is the greatest common factor of 130 and 455?
65
Calculate the highest common factor of 27 and 17469.
27
Calculate the greatest common factor of 5684 and 464.
116
Calculate the highest common divisor of 370 and 3256.
74
Calculate the highest common factor of 1518 and 132.
66
What is the greatest common factor of 6251 and 665?
133
What is the greatest common divisor of 1380 and 600?
60
What is the highest common divisor of 336 and 1568?
112
What is the greatest common divisor of 136 and 24?
8
What is the greatest common factor of 13 and 3081?
13
Calculate the highest common divisor of 5375 and 430.
215
What is the highest common factor of 560 and 40?
40
Calculate the highest common factor of 13908 and 488.
244
What is the greatest common factor of 67 and 4556?
67
What is the highest common divisor of 412 and 4?
4
What is the greatest common factor of 816 and 17?
17
Calculate the highest common factor of 285 and 30.
15
Calculate the greatest common factor of 50 and 170.
10
What is the greatest common factor of 70 and 105?
35
What is the greatest common factor of 48 and 48?
48
What is the highest common factor of 140 and 1645?
35
Calculate the highest common divisor of 408 and 16.
8
What is the greatest common d